 of h*(-1 - 6/(-9))?
6
Let v(f) = -f**2 + 10*f - 18. Let p be v(8). What is the tens digit of (-2 - -1 - -4) + p + 57?
5
Let y(q) = 3*q**2 + 9*q - 4. Let g be y(-5). Suppose 0 = -2*j - g + 96. What is the tens digit of j?
3
Suppose 0*u - 2 = b + 2*u, 5*u + 8 = -b. Let a be 28/(-36) + b/(-9). Let v(n) = 2*n**2 - 2*n - 1. What is the units digit of v(a)?
3
Let c(o) = -39*o**3 - 3. What is the hundreds digit of c(-2)?
3
Let p be ((-4)/(-12))/((-1)/(-1*9)). Suppose -4*u - p*r + 134 + 94 = 0, 0 = -5*r - 20. What is the tens digit of u?
6
Let i(t) = -2*t**2 - 21*t - 20. Let h be i(-12). What is the units digit of (4 - h/(-16))/(2/336)?
4
Let g(y) = -y**2 + 16*y + 23. Let v be g(16). Suppose -s - v = -0*s. Let p = s + 74. What is the tens digit of p?
5
Let r(t) = 13*t**2 - 13*t - 9. Let f(k) = 14*k**2 - 14*k - 10. Let a(m) = -4*f(m) + 5*r(m). What is the units digit of a(-3)?
3
Suppose 142 - 841 = -u. What is the units digit of u?
9
Suppose 83 = 5*c - 7*c - 3*i, c - 3*i + 19 = 0. What is the tens digit of (-843)/(-13) - c/221?
6
Let t be 9 - (1 + -1 - -4). Let x be 42/(-3)*(-4)/14. Suppose -3*m = -t*b - 168, -224 = -x*m + 3*b - 5*b. What is the tens digit of m?
5
Let n(o) be the second derivative of -o**5/20 + 11*o**4/12 - 5*o**3/6 - 5*o**2/2 - 23*o. What is the hundreds digit of n(5)?
1
Suppose -28*c - 1516 = -30*c. What is the hundreds digit of c?
7
Suppose -a + 3*l + 5 = 2*l, -3*a = -2*l - 10. Suppose a*h + 5*h - 140 = 0. Suppose -n = n - h. What is the tens digit of n?
1
Suppose -1 = p, 5*k + 4614 = 7*k - 2*p. What is the thousands digit of k?
2
What is the hundreds digit of ((-20)/(40/(-6)))/(3/242)?
2
Let w = 1202 + -1130. What is the units digit of w?
2
Let a = 491 - 195. Suppose 5*q + 83 = j, 4*j + 2*q - 4*q = a. What is the units digit of j?
3
Suppose 0*d + 5*k + 180 = d, -304 = -2*d - 4*k. Suppose 2*p - 7*p + d = 0. What is the tens digit of p?
3
Let d be (-2)/7 + (-4)/(-14). Suppose d = -4*i - 3*v + 138, 0 = -0*i - 5*i + 3*v + 186. What is the tens digit of i?
3
Suppose -8 = -6*y + 550. Let l = y - 13. What is the tens digit of l?
8
Suppose 0 = -4*i - 4, 2*g = -3*g - 3*i - 38. Let z(r) = -r**3 - 8*r**2 - 7*r + 3. Let a be z(g). Suppose -49 = -4*c + a. What is the units digit of c?
3
Let g(q) = -6*q + 2. Let m be g(0). Let y = m - -111. What is the hundreds digit of y?
1
Suppose w - r + 3 = 4, 2*w = r + 5. Suppose t = 5*m - 53, -3*m + m - 108 = 3*t. What is the units digit of w*(1 - t/8)?
3
Suppose 2*i - 3*t = 1217, -2*t + 378 + 213 = i. Suppose -200 = -9*y + i. What is the units digit of y?
9
Suppose 2*f - 2 = 0, 18*g - 15*g + 5*f - 2189 = 0. What is the tens digit of g?
2
Let q(i) = -i**2 - 6*i - 1. Let n(k) = k - 8. Let w be n(4). What is the units digit of q(w)?
7
Suppose -a + 17 = 1. What is the tens digit of a/6*585/10?
5
Suppose 3*n + 24 = 6*n. Let m = n - 2. Let k(j) = -j**2 + 6*j + 8. What is the units digit of k(m)?
8
Let r be (1/(4/(-8)))/2. Let b(p) = -289*p - 2. What is the hundreds digit of b(r)?
2
Let f(w) = 50*w. What is the tens digit of f(7)?
5
Let s(x) = -x + 14. Let r be s(15). Suppose -c - 18 = o - 73, 0 = c + 5*o - 51. What is the tens digit of r + c + (-13 - -11)?
5
Suppose -u = -3*h - 3*u + 1481, 0 = -3*h + 4*u + 1493. Suppose 2*c - 343 = -t, -3*c + h = 2*t - 7*t. What is the hundreds digit of c?
1
Let k be 1 - (4 - 6 - -2). Let r(z) = 7*z**2 - 5*z**2 + z + k + 0. What is the units digit of r(-1)?
2
Let u = -11 - -19. Let f be (6/4)/(u/16). Suppose 4*p = -p + 3*x + 2, 0 = 3*p - f*x. What is the units digit of p?
1
Suppose -7*w - 60 = -11*w. Suppose 2*x + 3*x = 35. Let o = w - x. What is the units digit of o?
8
Let j = -87 - -85. What is the hundreds digit of (j/5)/((-11)/3355)?
1
Let u be 75*((-28)/6 - -5). What is the tens digit of (u/15 - 2)*-759?
5
Suppose -3*k - 192 = 5*d, -d + 3 = -0*d. Let b = 130 + k. What is the tens digit of b?
6
Suppose -x - 79 = 2*x - 2*m, 4*x + 132 = -4*m. Let a = 89 + x. Suppose 0 = 2*c + 3*z - a, 24 = c - z - 1. What is the units digit of c?
7
Suppose 4*k = 5*n, k - n - 1 = -0. Let t(h) = 6*h**2 - h + 0*h**3 + 6 - 1 + 3*h - h**3. What is the tens digit of t(k)?
4
Let j = -55 - -31. Let m = -556 + 567. Let h = m - j. What is the tens digit of h?
3
Suppose 6 - 46 = -5*d + 4*h, 4*h = 0. Let u = 10 - d. Suppose u*j - 40 = -v, 8 = -j + v + 31. What is the units digit of j?
1
Let q(p) be the third derivative of p**5/60 - 19*p**4/24 + p**3/6 + 25*p**2. What is the units digit of q(19)?
1
Let w(r) = -7 + 3*r - 1 - 9 - 3. What is the units digit of w(17)?
1
Suppose -4*r = -2*d - 3218, -3*d + 1674 - 5694 = -5*r. Suppose -15*n = -r - 1608. What is the units digit of n?
1
Let b be -24*(-6 - (-4)/2). Suppose 9*c - 5*c = b. What is the units digit of c?
4
Let o(h) = h**3 + 4*h**2 + h - 1. Let d be o(-3). What is the tens digit of 1*(-4 + d) - -108?
0
Let f(c) = -9 + 0*c - 8*c - 5*c. What is the units digit of f(-5)?
6
Suppose -c = 4*c. Suppose 2*i + 317 = 4*f - f, -i - 4 = c. What is the hundreds digit of f?
1
Suppose -51955 - 3254 = -21*c. What is the hundreds digit of c?
6
Let i be 4 + (-92)/24 - (-20786)/(-12). What is the units digit of 7/(-35) - i/10?
3
Suppose -4*q - 1603 = -3*w, 0 = -2*w - 6 - 0. Let g = 688 + q. What is the hundreds digit of g?
2
Let x = -44 - -17. Let h = x + 58. What is the tens digit of h?
3
Suppose -2*g - 1490 = -4*a, 0 = 2*a + 2*g - 553 - 207. Suppose -455 = -5*h - d + a, 5*d + 332 = 2*h. What is the tens digit of h?
6
Suppose -4*s - s - 5*l = 0, -4 = -s - 3*l. What is the tens digit of -12*s*(-10)/(-8)?
3
Suppose 3*o = -0*o - 3*r + 18, -4*r - 4 = -3*o. Suppose 0 = u - o*u. Suppose u*c - 3*c + 84 = 0. What is the units digit of c?
8
Suppose -3 = d + 2*h, 4*d + 14 = 3*h + 2. Let p be 6 + d + (-5 - -10). What is the tens digit of (p - -5) + 6/2?
1
Let h be ((-1)/(-3))/(5/75). Suppose -q + j = 2*j + 1, -h*q = -2*j - 16. Suppose -s = -2*k + 5*k - 64, q*s - 2*k = 88. What is the tens digit of s?
4
Let p(n) = 15*n**2 + 13*n + 6. What is the tens digit of p(-4)?
9
Suppose 3*h + 9528 = 11*h. What is the thousands digit of h?
1
Suppose -48 = l + 2*l. What is the tens digit of (15 + l)*(-90 + -2 - 2)?
9
What is the units digit of (-1)/(8/((-8752)/(-2187)) - 2)?
4
Suppose 2*b = 5 - 1. Suppose 2*t + 5*w = t + 53, 185 = 3*t + b*w. What is the tens digit of t?
6
Let h(s) = -2*s**2 - 3*s**2 + 2 + 1 - 3*s**3 - 3*s. Let m be 1/(-9)*25 + 188/(-846). What is the units digit of h(m)?
8
Let b = 271 + -222. What is the units digit of b?
9
Let q(t) = -t**3 - 2*t**2 + 6*t + 2. Suppose -12*r + 15 = -15*r. What is the units digit of q(r)?
7
Let i be (((-54)/(-15))/(-3))/((-12)/40). Suppose 0 = i*u - 4*r - 824, 2*r = 7*r - 15. What is the hundreds digit of u?
2
Let j = 4284 - 2408. What is the hundreds digit of j?
8
Let b = -14 + 17. Suppose 2*l = b*l - 43. What is the tens digit of l?
4
Let j = -99 - -106. Suppose -2*u = -3 + j, -5*i + 925 = -5*u. What is the tens digit of i?
8
Let y be 16360/44 - (-4)/22. What is the tens digit of (y/(-20))/((-4)/20)?
9
Let v(d) = -d + 9. Suppose 4*x - 3 = x. Suppose 0 = 5*l - 15, -o - l = 5 - x. What is the units digit of v(o)?
6
Let x be (4/5)/((-6)/(-150)). Let n = -18 + x. Suppose a + 13 = n*a. What is the tens digit of a?
1
Let z(v) = v**2 + 10*v + 14. Let u be z(-9). Suppose 0 = u*g + t - 442 - 143, 4*g - 3*t = 468. What is the units digit of g?
7
Let x(a) = 2*a**2 + 56*a - 21. What is the thousands digit of x(-42)?
1
Let u(d) = d**3 - 14*d**2 + 9*d + 14. Let w be u(12). Let r = w - -307. What is the units digit of r?
1
Let q = 779 + 315. What is the hundreds digit of q?
0
Let i be 190/15 + ((-2)/(-3))/(-1). Suppose 5*b = 2*w + 925, 11*w - i*w = -4*b + 740. What is the units digit of b?
5
Let t(h) = 5*h. Let l be t(1). Let z = -5 + l. Suppose -4*n + 28 + z = 0. What is the units digit of n?
7
Suppose v = 5*h - 4845, 2*h + 36*v - 1955 = 33*v. What is the tens digit of h?
7
Suppose -4*h - 1421 = -11*h. What is the tens digit of h?
0
Let t = 37 + -39. Suppose 4*j = -2*o + 12, -5*o + 2*o + 2*j = -2. What is the tens digit of (5*o)/(t/(-6))?
3
Suppose 2829 = 14*n - 5137. What is the tens digit of n?
6
Suppose 13*f = 5*f + 400. Suppose -43*h = -45*h + f. What is the units digit of h?
5
Let b(a) = 6*a + 10. Let y be b(10). Suppose 39 + 66 = 4*x - t, -3*x - t